 z and 3?
3
Let h(a) = a**2 + a + 110. Let o be h(0). Suppose -16 = 5*l - 3*l. Let v(c) = -c**3 - 8*c**2 + 10. Let s be v(l). What is the highest common factor of o and s?
10
Suppose 212 = 2*c - 2*f - 2*f, 418 = 4*c - 2*f. Let l(a) = a**3 - 10*a**2 - 11*a + 13. Let p be l(11). What is the greatest common divisor of p and c?
13
Let p be 1 + 0 - (-357)/3. What is the highest common divisor of p and 24?
24
Suppose -3*g + j = -280, j = -5*g + 4*j + 472. Calculate the highest common factor of g and 230.
46
Suppose 7*q = 3*z + 2*q + 5, -q + 4 = 0. Suppose 41 = 3*a - 3*w + w, -z*a - w = -77. Suppose -j = 4*j - a. What is the highest common divisor of 3 and j?
3
Let u(p) = -p**2 - 5*p + 4. Let d be u(-5). Suppose -2*t = 3*t - 20. Suppose k - 24 = -t*a + d*k, -k + 24 = 4*a. What is the greatest common factor of 2 and a?
2
Let j(u) = -u + 12. Let f be j(-10). Calculate the greatest common factor of 55 and f.
11
Suppose -g = -5*z - 1, -g + z - 67 = 4*g. Let m be (-2276)/(-28) + 4/g. What is the greatest common divisor of 9 and m?
9
Suppose -4*g - 5 - 31 = 0. Let f be -3 - (0 - (2 - g)). Calculate the greatest common divisor of 4 and f.
4
Suppose 2*z = 7*z - 210. Let q = z - 22. Calculate the greatest common factor of 8 and q.
4
Let j be (-4)/(-2 + 3 - 3). Suppose -4 - 5 = -2*s - u, 3*s - 5*u - 33 = 0. Let v be (8/s)/(4/18). Calculate the greatest common factor of j and v.
2
Let d be (16/(-14))/((-4)/14). Suppose -4 = 4*c, z - c = 2*c + 39. Calculate the highest common factor of z and d.
4
Let i = 0 + -2. Let w be 13 - i - (-6)/(-2). Suppose -2*y + 25 = -143. Calculate the greatest common divisor of y and w.
12
Let n = 22 + -10. What is the greatest common factor of n and 12?
12
Suppose -105*p + 110*p = 115. What is the highest common divisor of p and 253?
23
Let d = 59 - -19. Calculate the highest common divisor of d and 6.
6
Suppose -2*i + 6*i - 72 = -4*u, i - 4 = 0. Calculate the greatest common factor of u and 70.
14
Let c be (-8)/(-10)*10/4. Suppose -3*v - 4*u + 38 = 0, -3*v + 0*u + 46 = c*u. Calculate the greatest common factor of v and 198.
18
Let x = -31 + 59. Suppose -3*t + 7 = 19, 5*t = -4*n + x. Let d be 5/1 - 2/1. Calculate the greatest common divisor of d and n.
3
Let q be (-222)/(-24) + (-1)/4. Let w = 21 - q. What is the greatest common factor of w and 48?
12
Let g be 2 + (-158)/4*-4. Let s = g + -105. Suppose 4*r = -r - 2*q + 55, 2*r - 5*q - 22 = 0. Calculate the highest common factor of s and r.
11
Suppose 8*z - 3*z = j + 435, 4*j + 244 = 3*z. Calculate the greatest common factor of z and 11.
11
Suppose -6*q - 16 = -2*q. Let c = q - -15. Calculate the highest common factor of c and 33.
11
Suppose 2*i = -2*d + 412 + 6, -4*d + 830 = -2*i. Suppose -3*w + d = w. What is the highest common divisor of 13 and w?
13
Let f(u) be the second derivative of -u**4/12 + 2*u**3 - 11*u**2/2 - 5*u. Let s be f(9). Calculate the greatest common factor of 144 and s.
16
Let d = 106 - 94. What is the greatest common factor of 16 and d?
4
Suppose 52 = 5*b - 13. Let v be ((-633)/9 - -1)*(-6)/4. What is the greatest common divisor of v and b?
13
Let u = -3 - -29. Calculate the greatest common divisor of u and 39.
13
Suppose 0 = -3*d - d - 208. Let s be d/(-10) + (-1)/5. Suppose 61 + 139 = 5*l. Calculate the highest common factor of s and l.
5
Suppose -90 = -5*d + s - 30, -2*d = 5*s + 3. Let z(c) = 6*c**2 + 5*c - 4. Let o be z(-5). Calculate the highest common factor of o and d.
11
Let c = -38 - -46. What is the greatest common divisor of c and 2?
2
Suppose y + 70 = 6*y. Suppose 5 = -s + y. Let u be 27/6*(-4)/(-3). Calculate the greatest common factor of u and s.
3
Let m be (6/2)/(2/(-6)). Let q be (-4)/18 + (-11)/m. Let y(f) = -f**3 - 2*f**2 - 3*f. Let w be y(-2). What is the greatest common factor of q and w?
1
Let s(q) = q**3 + 8*q**2 + 2*q + 5. Let l be s(-7). What is the highest common factor of l and 5?
5
Let g = -21 + 97. Let h be g + (-3 - (-3 - 1)). What is the highest common divisor of 7 and h?
7
Let x(i) = i**3 + 5*i**2 - 10*i + 3. Let b be x(-6). Suppose -5*y + 13 = -77. Calculate the highest common factor of b and y.
9
Suppose -3*h = 2*h - 15. Suppose 0 = j - h*z - 18, j - 9 = 5*z + 7. What is the greatest common divisor of 14 and j?
7
Suppose -q - 5*j = 2, 5*q + 2*j + 10 = 4*j. Let t(u) = -2*u**3 - u**2 + 3*u + 1. Let v be t(q). Let r = v - -9. What is the highest common divisor of 4 and r?
4
Suppose 3*b + 2 = -2*a, -2*b + 6*b = -4*a + 4. Calculate the highest common divisor of a and 5.
5
Suppose -162 = 9*v - 657. What is the greatest common factor of v and 5?
5
Suppose 0 = -2*p + 3*w + 19, -2*w = -3*p + 11 + 25. Let t be (1 + p/(-8))*-12. What is the highest common divisor of 9 and t?
9
Let l(w) = -29*w + 1. Let o be l(-3). Suppose -2*u + 10 = -u. Let g = 18 - u. Calculate the highest common factor of o and g.
8
Suppose 419 = -4*n - 6717. Let j be (-1 - -4)*n/(-6). Suppose 9*s - 4*z = 4*s + j, -4*s - 3*z = -695. Calculate the greatest common factor of 16 and s.
16
Suppose -9*w + 5*w = -44. What is the highest common divisor of w and 44?
11
Let v(i) = 2*i**3 - 3*i**2 + 3*i - 4. Let o be v(4). Suppose t = -t + o. Calculate the greatest common divisor of 4 and t.
4
Let o = 175 - 55. Let x be -3 - (-6)/(-9)*-3. Let d be (1/x)/(2/(-30)). Calculate the greatest common divisor of o and d.
15
Suppose 74 = 6*i + 14. What is the greatest common factor of 40 and i?
10
Suppose -3*v - 7 + 58 = 0. Let r = v + 60. What is the greatest common factor of 7 and r?
7
Suppose -24*s - 10 = -29*s. What is the greatest common factor of 2 and s?
2
Let v = -3 + 13. Suppose -2*s + 0*s + 4 = 0. Calculate the highest common factor of v and s.
2
Let v = 34 + -17. Suppose -2*t + 3*u + v = 0, 0*t - u + 13 = 4*t. Let z = 22 - t. What is the greatest common divisor of 9 and z?
9
Let z be (-3)/6 - 33/(-2). Let d be z - (0 + (-4)/(-1)). Calculate the highest common factor of d and 6.
6
Suppose -5*v = 5*w - 725, -4*v - 255 + 833 = 2*w. Let z(y) = 2*y**3 + 2*y - 4. Let j be z(2). Calculate the highest common factor of j and v.
16
Let y(l) = -l**3 - 4*l**2 - 2*l + 1. Let i be y(-2). Let s be (-1 - i)/((-4)/(-10)). Calculate the highest common factor of 20 and s.
5
Let g(t) = 5*t**2 + t + 1. Suppose -s + 5 = -6*s. Let v be g(s). Calculate the greatest common factor of v and 40.
5
Suppose -6*p - 38 = -3*j - 4*p, 3*j = -p + 44. Calculate the greatest common divisor of j and 126.
14
Let x be (-16)/(-32) - (-5)/2. Suppose 5*k - 7 = -2, -5*f = -4*k - 71. Let g be (-74)/(-5) + 3/f. What is the greatest common factor of g and x?
3
Let i(w) = w - 5. Let r be i(-5). Let o be ((-16)/r)/((-1)/(-40)). Let f be (1/2)/(4/64). What is the highest common divisor of f and o?
8
Suppose -12 = 3*u - 5*a, -9 - 7 = 4*u - 2*a. Let g(q) = q**2 - 5*q - 3. Let r be g(u). What is the highest common factor of r and 22?
11
Let r be 36/(-5)*120/(-9). Suppose -k - 4 = -16. Calculate the greatest common factor of r and k.
12
Let w(f) = 161*f**2 + 2*f + 1. Let c = -1 + 0. Let d be w(c). Let p be 4/26 - 720/(-52) - -2. What is the greatest common divisor of d and p?
16
Suppose 3*t + 7 + 14 = 0. Let x be (-50 + 0)*t/14. Calculate the greatest common factor of x and 25.
25
Let t be 1 - (-4)/(8/(-6)). Let i(b) = 11*b**2 + b. Let m be i(t). What is the highest common divisor of 14 and m?
14
Let n = -9 + 14. Suppose -n*m + 114 = -2*q, m + 0*q - 30 = -2*q. Calculate the highest common divisor of m and 48.
24
Suppose -1 - 5 = -2*q. Let m(r) = -r**3 - 5*r**2 + 7*r + 9. Let a be m(-6). Calculate the highest common divisor of a and q.
3
Let m = 18 + 11. What is the highest common divisor of m and 87?
29
Suppose 3*d + 272 = 4*k, 0 = 3*k + 2*d - 3*d - 199. Calculate the greatest common factor of 26 and k.
13
Suppose 6*w = 4*w - 2. Let r = 13 + w. Suppose 0 = 11*f - 14*f + 108. What is the highest common divisor of f and r?
12
Let m be 0 - -2 - 5/1. Let p be (-6)/((m - -4)/(-21)). Let u = -8 - -22. What is the highest common factor of p and u?
14
Suppose 2*f + 5*h - 423 = 0, 0 = 2*f + 3*f - h - 1044. Calculate the greatest common divisor of f and 19.
19
Let b = -21 - -37. Calculate the highest common divisor of 24 and b.
8
Let p(h) = -9*h**3 + h**2 + 2*h + 2. Let y be p(-1). Calculate the highest common divisor of 20 and y.
10
Let